or of 154 and m.
14
Let q(s) = 9*s**3 + 4*s**2 - 2*s + 3. Let b be q(2). Suppose o - 3*k = 23, o + 29 = -4*k + b. What is the highest common factor of o and 19?
19
Let x(p) = p**3 + 20*p**2 - 41*p + 78. Let k = -300 + 278. Let o be x(k). Calculate the greatest common divisor of o and 516.
12
Suppose -6*y = 4*f - 14*y - 148, 4*y + 4 = 0. What is the greatest common factor of f and 1?
1
Suppose 91*g = 189*g - 81*g - 408. Let r = -40 - -23. Let k = 25 + r. Calculate the greatest common factor of g and k.
8
Let a = 300 - 246. Suppose -27*g = -33*g + a. Calculate the greatest common divisor of g and 477.
9
Let o be ((-495)/(-75))/(-4 + 0 + 461/115). What is the greatest common factor of o and 115?
23
Let o(j) = -j**2 - 71*j + 311. Let g be o(-73). Calculate the greatest common divisor of g and 60.
15
Let i(m) = 208*m - 188. Let k be i(1). Let r = -4 + 84. What is the greatest common factor of r and k?
20
Suppose -80 - 106 = -n. Suppose 24 - n = -w. Suppose 127 = 5*u + 37. What is the greatest common factor of w and u?
18
Suppose -s - o = -379 - 34, -2*o - 425 = -s. Let h = s + -401. What is the greatest common factor of h and 176?
16
Let j be ((-702)/(-12))/((-31)/(-62)). What is the highest common factor of 1287 and j?
117
Let n = -634 - -1296. Suppose -25*y + n = -88. Calculate the highest common factor of y and 45.
15
Suppose 7441 = 3*u - 2*o, 91*u - 96*u + 12343 = 4*o. Calculate the highest common factor of u and 132.
33
Suppose 7*d = 2*d - f + 51, 19 = 2*d - f. Suppose 5*a = 30 - d. Suppose -10 = -a*n + 10. What is the greatest common divisor of 5 and n?
5
Let f(o) = -o**2 - 13*o + 29. Let m be f(-11). Suppose 0*j - 3*j = 3, 3*j - m = -2*w. What is the greatest common factor of 270 and w?
27
Suppose 3*r = -13*m + 10*m + 105, -4*m = -4*r - 172. Suppose -38*t - 51 = -m*t. What is the highest common divisor of 85 and t?
17
Let x = -49 + 53. Let p be 4/x + 0/1. Let y be 6 - (p + -4 - -1). Calculate the highest common divisor of 8 and y.
8
Let x be ((-15)/(-6))/(180/1944). Calculate the greatest common factor of 39 and x.
3
Suppose -5*w + 5 = c, -5*c + c + 52 = 4*w. What is the highest common factor of 1305 and c?
15
Suppose 4*i - 219 = 69. Suppose 13*o = 6*o + 63. Calculate the greatest common factor of i and o.
9
Suppose -2*s + 13 = l - 1, 0 = -5*s - 20. Let h be 58/4 + (-11)/l. Suppose -566*v + 280 = -562*v. What is the greatest common divisor of h and v?
14
Suppose 0*g - 360 = -5*g - 5*h, -2*h = 0. Let m = g + -51. Suppose -m = -8*q + q. Calculate the highest common factor of q and 3.
3
Let u(i) = -2*i**3 + 13*i**2 + 8*i - 6. Let z be u(6). Let s be (2 - 4) + 1 + z. Calculate the highest common factor of 308 and s.
77
Suppose j = -5*d, 2*j + 9 = 3*d + 74. Let i = j + -15. Calculate the highest common divisor of i and 45.
5
Suppose 2*b = 89 + 37. Suppose -179*z - 4 = -180*z. Suppose -13*d + z*d = -81. Calculate the highest common factor of d and b.
9
Let n = -1867 + 1869. Let j = -22 - -31. Let w(b) = -b**3 + 8*b**2 + 10*b - 6. Let z be w(j). Calculate the highest common divisor of n and z.
1
Suppose -3*k + 4*k = 894. Suppose -y = -1, -y - k + 2490 = 5*t. What is the highest common factor of 11 and t?
11
Suppose -35*m + 28665 = 64*m - 8*m. Calculate the highest common divisor of 3045 and m.
105
Let q(w) = 4 - 7*w**2 + w**3 - 13*w**2 - 21*w + 26*w**2. Let f be q(-8). What is the highest common divisor of f and 352?
44
Suppose 0 = -4*u + 253 - 145. Suppose f + 3*r = 5*r + 141, 5*r - 255 = -2*f. Calculate the greatest common divisor of f and u.
27
Suppose 3*u = 2*x - 1613, 3*u + 1751 + 2304 = 5*x. Calculate the greatest common divisor of x and 176.
22
Let t be (-2)/((-2)/23)*3. Let x be (-45)/(2*3/6 - 0). Let r be -55 + 56 + x/(-2 + 1). Calculate the greatest common factor of r and t.
23
Suppose 17*j - 19*j - 36*j = -114. Calculate the highest common divisor of j and 2073.
3
Let s(z) = -103*z**3 - 6*z**2 - 137*z + 44. Let v be s(-8). What is the highest common divisor of 172 and v?
172
Let f be -1 + 4*(3 - -6). Let j = -39 + 46. Calculate the greatest common factor of f and j.
7
Suppose 0 = q + 7 - 14. Suppose -16*y = -25 - q. Let x be -4*(39/(-6) - -1). What is the greatest common divisor of y and x?
2
Suppose 11*v - 50 + 116 = 0. Let w be 111 + (-6)/((-36)/v). What is the highest common factor of w and 66?
22
Let d = 4502 + -3748. What is the greatest common factor of 234 and d?
26
Let y = 15740 - 15371. Calculate the greatest common factor of 144 and y.
9
Let l(w) = 2*w + 9 - 22 + 3. Let k be l(3). Let o be (8/(-3) + k)/((-2)/6). Calculate the highest common factor of o and 8.
4
Let i be ((-7)/(-98) - 129/42) + 36. Let b = 160 + 269. What is the highest common divisor of b and i?
33
Suppose -187*j - 150 = -172*j. Let x be 64 + -1 - (j + 11). Calculate the greatest common divisor of x and 1674.
62
Let g(k) = 0*k**2 - k**2 - 17*k - 22 - 8*k + 13*k. Let x be g(-8). What is the greatest common factor of x and 50?
10
Suppose c - 675 = -0*c. Let b = c + -325. Calculate the greatest common divisor of b and 140.
70
Suppose 4*p - 3*n = 73212, 39*n = -5*p + 45*n + 91506. What is the greatest common divisor of p and 81?
81
Suppose -2*g + 29*x + 199 = 28*x, 4*g - 405 = -5*x. What is the highest common divisor of g and 4700?
100
Suppose -173*w + 6966475 = 332*w. What is the greatest common factor of w and 155?
155
Let m be (-26410)/(-54) + 46/(-621). Suppose 0 = -q + 2*x + m + 219, -4*x = -q + 716. What is the greatest common divisor of 28 and q?
28
Suppose 2*r - 4 = -28. Let y be (19 + 7 + r)/(4/50). Calculate the highest common factor of 35 and y.
35
Let x(f) = -f**3 + 15*f**2 - 11*f - 45. Let b be x(11). Suppose -319*y + 63 = -b*y. What is the greatest common factor of 9 and y?
9
Let m(c) = c + 16. Let d be m(-8). Suppose 5*y = -p + 110, 2*y = y - 3*p + d. Suppose a - 37 = y. What is the greatest common factor of 20 and a?
20
Suppose -164*c - 1764226 - 2130774 = -414*c. What is the greatest common factor of c and 76?
76
Suppose -9*j - 75 = 1644. Let w = 204 + j. What is the highest common divisor of w and 143?
13
Let n(z) = -3*z**3 - 9*z**2 - 9*z - 4. Let a be n(-2). Suppose 2*i - 4*g = 88, 2*i + a*g = 5*i - 136. What is the highest common factor of i and 529?
23
Suppose 0 = 887*h - 882*h + 40. Let r(m) = 11*m**2 + 88*m + 5. Let x be r(h). Calculate the highest common divisor of 335 and x.
5
Suppose -880 = 4*w - 14*w. Let k = -58 + w. Calculate the greatest common divisor of 330 and k.
30
Let w(n) = 3*n**2 + 19*n + 21. Let k be w(9). Suppose l = 1, -3*a + 3*l + l + 41 = 0. What is the greatest common divisor of a and k?
15
Let x(w) = -w**3 - 2*w**2 + 2*w - 42. Let o be x(0). Let l = 50 + o. Let u = 56 + -36. Calculate the greatest common divisor of l and u.
4
Let m(x) = -2040*x - 7992. Let g be m(-6). What is the highest common factor of 40 and g?
8
Suppose -4*f + 16 = -8. Suppose f*t - 28 = 8. Suppose -53 - 31 = -t*w. Calculate the greatest common factor of w and 21.
7
Suppose 14*h + 1013 = 154187. Calculate the highest common factor of 21 and h.
21
Let a = 190 + -102. Let w be 0 - (-91)/7 - (-4)/(-2). What is the highest common factor of a and w?
11
Let m(u) = -12*u**2 + 6*u + 10. Let l(o) = -17 + 34 - 8 - 8. Let p(d) = -l(d) - m(d). Let b be p(-2). Calculate the greatest common factor of 7 and b.
7
Let p be (-5 + 10 + 15)/(4/1246). Calculate the highest common divisor of p and 105.
35
Suppose -10*c + 76*c = -3*c + 6210. What is the highest common factor of c and 252?
18
Let r(c) = c**2 - 5*c + 8. Let l be r(3). Let o(y) = -7*y + 1 + l*y + 1. Let d be o(-5). What is the greatest common factor of 3 and d?
3
Let o be (138/(-4))/((-139)/278). What is the highest common factor of 1587 and o?
69
Let y = 139 + -23. Let m be ((-20184)/(-870))/(2/15). What is the greatest common divisor of y and m?
58
Let o = 15 - 72. Let f = o - -48. Let q be (f + 1)/((-370)/(-95) + -4). Calculate the greatest common factor of 38 and q.
38
Let z be ((-10)/(-4))/((6 - 10)/160). Let p = 10 - z. Calculate the highest common divisor of p and 66.
22
Let b(z) = 300*z - 850. Let l be b(3). Suppose 0 = 6*a - 9*a + 450. Calculate the greatest common divisor of l and a.
50
Let y(o) = -16*o + 16. Let s be y(-7). Suppose 5*x - 51 = -k - 0*x, 3*x + s = 2*k. Suppose 115 = 8*r - k. What